9)/60).
2
Let z be (-7)/49 + 14528/(-28). Let o = 1159 + z. List the prime factors of o.
2, 5
Let y(b) = -1803*b - 6270. List the prime factors of y(-12).
2, 3, 13, 197
Let f be 12 + 1860/(-108) - (-4)/18. Let q(o) = 4*o**2 + 8*o + 27. What are the prime factors of q(f)?
3, 29
Let f = 18002 - 12430. What are the prime factors of f?
2, 7, 199
Let d(y) = -y**2 - 42*y - 99. Let x be d(-36). Let k be ((-111)/(-9))/(2/30). Let j = k - x. List the prime factors of j.
2, 17
Let k = 42825 + -12684. List the prime factors of k.
3, 17, 197
What are the prime factors of 2/(-6) - (-10)/(480/100528)?
2, 3, 349
Let c(r) = -3980*r + 2579. What are the prime factors of c(-3)?
14519
Let f be -4 - ((8 - 4) + -5)*9. Suppose 3*p - f*d = 1411, -3*p - 4*d + 741 = -706. What are the prime factors of p?
3, 53
Suppose 2*y = s + 27194, 2*s - 6385 + 33583 = 2*y. What are the prime factors of y?
5, 2719
Let g = 54 + -47. Suppose 4*j - g - 5 = 0. Suppose 2*h - 162 = -x, -4*x = 5*h - j*h - 624. List the prime factors of x.
2, 7, 11
Let r = 98 - 93. Let d(h) = -h**3 + 3*h**2 + 10*h + 3. Let n be d(r). Suppose 0 = 5*a + 4*s - 676, s - 2 + n = 0. List the prime factors of a.
2, 17
Let o(m) = 346*m + 184. What are the prime factors of o(23)?
2, 3, 23, 59
Suppose 0 = -54*g + 55*g - 4*r - 53713, -5*r = 2*g - 107335. What are the prime factors of g?
3, 5, 1193
Let w(k) = k**2 - 10*k + 13. Let l be w(9). Let q be 0/(l + -5 - -3). List the prime factors of 14 + 7 + q/(-1).
3, 7
Let j = 179 + -142. Let h be (-1)/(-3) - (-5)/(-15) - 29. Let z = h + j. List the prime factors of z.
2
Let h(s) = s**3 - 107*s**2 + 906*s - 49. List the prime factors of h(98).
7, 47
Suppose 0 = 175*p - 176*p - 5*b + 36544, -5*b = -25. List the prime factors of p.
3, 7, 37, 47
Let g be (-24)/16 + (-30)/(-4). Suppose -2*a - 5*j + g = 0, 2*a + 0*j - 2*j = 6. Suppose 0*m = -3*p + m + 227, -a*p + 4*m = -233. List the prime factors of p.
3, 5
List the prime factors of (-98*(-13)/39)/((-3)/(-2952)).
2, 7, 41
Suppose 3*k - 3*f - 64841 = 51409, -f - 116254 = -3*k. List the prime factors of k.
2, 7, 173
Suppose 4*b - 16256 - 22809 = -9*b. What are the prime factors of b?
5, 601
Let m = 19574 + 193. List the prime factors of m.
3, 11, 599
Suppose 4*r + 428 = -2*o, -3*r - 2*o - 174 - 146 = 0. Let k(x) = -x**3 - 11*x**2 - 20*x - 17. Let z be k(-9). List the prime factors of (-11583)/r + z/(4/(-1)).
107
Suppose 0 = -w - 3 + 8. Suppose -w*d + 18 = -2*d. What are the prime factors of (-9)/(-4)*(d - -6)?
3
Suppose 16*r + 94 - 62 = 0. Let b(d) = -317*d - 49. List the prime factors of b(r).
3, 5, 13
Suppose 7336*b - 63344 = 7328*b. List the prime factors of b.
2, 37, 107
Let h = 64701 - -9369. What are the prime factors of h?
2, 3, 5, 823
Let g(k) = 6*k + 13. Let n be g(-2). Let w be -3 - (3/n + -5). What are the prime factors of 1/(w/5) - -127?
2, 61
What are the prime factors of (21/(-6))/(6/95808*-4)?
2, 7, 499
Let r = 22316 - 15207. List the prime factors of r.
7109
Let k(f) = -826*f + 30. Let m be k(-2). Suppose -4*y + m = 2*d, -2*d + 15 = d. List the prime factors of y.
2, 11, 19
Suppose -3*b = s - 8*b - 110, 5*b + 5 = 0. Suppose -17*d + 768 - s = 0. What are the prime factors of d?
3, 13
Let m be 10/(-2) + -27 + -178. List the prime factors of (717/(-5))/(63/m).
2, 239
Suppose -3*n + 43133 = 2*g, -n + 23544 = 2*g - 19599. What are the prime factors of g?
2, 7, 23, 67
Let i = 2123 + 6056. What are the prime factors of i?
8179
Suppose 0 = 3*h - 2*c - 20840, -5*c + 36363 = 5*h + 1663. List the prime factors of h.
2, 7, 31
Suppose 0 = -11*l + 8*l + 15. Suppose -l*m + m = 0. Suppose 11*f - 9*f - 86 = m. What are the prime factors of f?
43
Let n(u) = 20*u - 34. Let k(p) = -p - 1. Let j(v) = 11*v + 1. Let z(g) = j(g) + 5*k(g). Let f be z(2). What are the prime factors of n(f)?
2, 3, 7
Suppose 0 = -f + 25 + 10. Let b = f - 37. What are the prime factors of b/(-1 - (-24)/26)?
2, 13
Let d(s) = -s**3 + 15*s**2 + 43. Let f be 55/(4 + 1) - -2. Let z be d(f). List the prime factors of z/12 + (-4)/(-16).
2
Let x = 480 - 468. Suppose x*y - 287 = 10933. What are the prime factors of y?
5, 11, 17
Suppose 3*x = 10583 + 21628. Suppose 6*g - x = -4251. List the prime factors of g.
23, 47
Let w = 57717 + -39713. Suppose -w = -34*k + 4640. List the prime factors of k.
2, 3, 37
Suppose 4*d = g - 1719, -3*d = -3*g - 0*d + 5139. Let l = 3238 - g. List the prime factors of l.
3, 509
Suppose 0 = -150*p + 43*p + 522374. What are the prime factors of p?
2, 2441
Suppose -5*k + 38196 = -3*b, 222*k - 15277 = 220*k + b. What are the prime factors of k?
3, 5, 509
Let y = 2362 - 615. List the prime factors of y.
1747
Let g be 1792/(-42)*102/(-8). Suppose -891 + 72 = -3*n + 2*o, 0 = 2*n - 2*o - g. What are the prime factors of n?
5, 11
Let r = 5036 - -17128. What are the prime factors of r?
2, 3, 1847
List the prime factors of -2*((-38)/(-4) - 9) - -1735.
2, 3, 17
Suppose 4*r - 78 = 2. Let j = -8 + r. What are the prime factors of (-2)/j*3*-274?
137
Suppose -3*x - h + 5417 = -12500, -2*h = 5*x - 29860. List the prime factors of x.
2, 29, 103
Let s(v) = -v**3 - 18*v**2 + 21*v + 38. Let b be s(-19). Suppose f = -h + 1482, b = 11*h - 8*h + 4*f - 4449. List the prime factors of h.
3, 17, 29
Suppose -3*d = -2*n - 159978, -2*d + 127564 - 20938 = 3*n. List the prime factors of d.
2, 3, 8887
Let d = 127433 + -86985. What are the prime factors of d?
2, 79
Suppose -99*p = 74*p - 1468424. List the prime factors of p.
2, 1061
Let n(r) = 29*r**2. Suppose -2*l = -w + 12, -w - 2*l + 12 = -3*l. Let k be (-18)/7 + w/(-28). What are the prime factors of n(k)?
3, 29
Suppose -48152 = -4*v + 12*g, 0*v = -v + 4*g + 12040. List the prime factors of v.
2, 47
Let t be (-3 - (5 - 12)) + 5. Suppose t*s - 5693 - 3424 = 0. List the prime factors of s.
1013
Let c = -1123 - -1165. Suppose -5*m + 689 = 2*j - 2*m, -j + 342 = -m. Suppose c = 5*l - j. What are the prime factors of l?
7, 11
Let p(u) = -1499*u - 540. List the prime factors of p(-4).
2, 11, 31
Let j(w) = 5*w**2 + 2*w + 5. Let i(y) = -y + 1. Let q(d) = -12*d - 21. Let v(u) = -6*i(u) + q(u). Let a be v(-5). What are the prime factors of j(a)?
2, 7
Let z(h) be the second derivative of 5*h**4/12 - h**3/2 - 6*h + 2. List the prime factors of z(-5).
2, 5, 7
Let j(m) = 6 + 81*m + 20 + 103*m - 7*m - 4*m. What are the prime factors of j(8)?
2, 3, 5, 47
Suppose 0 = -3*b + 2815 + 11093. Suppose -b = -14*w + 14068. What are the prime factors of w?
2, 167
Suppose -246*f + 626042 = -100*f - 122354. List the prime factors of f.
2, 11, 233
Suppose -3*l + 2*w = 3*w - 141, -l - 3*w = -47. List the prime factors of l.
47
Let f = -1624 - -2801. Let g = f + -279. List the prime factors of g.
2, 449
Let d be 3 + (-10 - 1) - 2256. Let a = -1529 - d. What are the prime factors of a?
3, 5, 7
Suppose 2*o - 18*o - 10576 = 0. Let n = o + 1323. What are the prime factors of n?
2, 331
Let v(z) be the first derivative of z**2/2 + 141*z + 365. Let o(c) = c - 3. Let r be o(3). What are the prime factors of v(r)?
3, 47
Suppose -4*n + 2*n = 6*n. Let o be n - (10 - 8)/(0 + -1). Suppose -o*j + 8 = 2*j, -3*g - 2*j + 193 = 0. What are the prime factors of g?
3, 7
Let x = 694 + -174. Suppose r + 4*y - x = 0, 5*y = -4*r + 6*y + 2097. What are the prime factors of r?
2, 131
Let z(q) = 2*q**3 + 3*q**2 + 6*q + 7. Let w be z(-2). Let j be (-2548)/(-36) + (-2)/w. Let b = j + -5. What are the prime factors of b?
2, 3, 11
Let p = 408 - 404. Suppose p*d - 833 = 3*d + l, -15 = 3*l. What are the prime factors of d?
2, 3, 23
Let k = 87 - 89. Let p be 0*2/(-2 + k). Suppose p = y - 154 - 84. What are the prime factors of y?
2, 7, 17
List the prime factors of (11*2/(-6))/((-582)/2592810).
3, 5, 11
Suppose 18*t - 191195 - 76501 = -30*t. List the prime factors of t.
3, 11, 13
Suppose -5*r + 3*c + 12 + 363 = 0, 5*r - 375 = 4*c. Suppose r = 5*j + 5*n, 2*j - 51 = -2*j + 5*n. List the prime factors of 4 + (-12)/4 + j.
3, 5
List the prime factors of (24 - 6 - -19080) + 14.
2, 2389
Suppose -4*p - 6284 = -2*b - 5*p, 2*p + 12584 = 4*b. List the prime factors of b.
2, 3, 131
Let d = -211 - -217. Suppose d*h - 575 = 139. List the prime factors of h.
7, 17
Let a(m) be the third derivative of 19*m**4/24 - 23*m**3/2 + 47*m**2. What are the prime factors of a(22)?
349
Let a(l) = -17188*l**